hen (-2)/((-2748)/228 - -12) is divided by 28.
10
Suppose -77 = -13*w + 92. Let z(j) = 14*j - 20. Calculate the remainder when z(5) is divided by w.
11
Suppose s = -4*f + 6, 3*s - 2*s - 4*f = 22. Suppose 0 = s*w + 313 - 915. Calculate the remainder when w is divided by 9.
7
Let w(z) = -z**2 - z + 1. Let p be w(-4). Let i(v) = 4*v**3 + 5*v**2 + 5*v - 4. Let x be i(-2). Let u = p - x. What is the remainder when u is divided by 9?
6
Let n(o) = 2*o**2 + 40*o - 167. What is the remainder when 1195 is divided by n(4)?
20
Let t = -199 - -214. Calculate the remainder when 613 is divided by t.
13
Suppose 42 = 4*i + 3*d - 16, 5*i - 4*d = 57. Suppose -4*m + 71 = -i. What is the remainder when 41 is divided by m?
20
Let k be 4/(12/87) - -4. Let s = k - 10. Let c = s - 17. What is the remainder when 23 is divided by c?
5
Suppose k = r - 0*r, 2*r + 2*k + 20 = 0. Suppose -35 = -4*d - 11. What is the remainder when d is divided by (1 + r)*(0 + -1)?
2
Suppose 0 = -5*n + 10*n - 100. Let k = -3 - -42. Calculate the remainder when k is divided by n.
19
Suppose l + r - 73 = 0, 0 = -2*l + 2*r + 2*r + 116. Let f = -39 + l. What is the remainder when 171 is divided by f?
26
Let z(u) = -10*u - 7*u**2 - 2*u**2 + u**2 + 8 + 11*u**2. Calculate the remainder when z(7) is divided by 29.
27
Suppose 2*b + 2*p - 2 = -0*p, 3*b = -2*p. Let o be (-4)/14 + 1768/14. Calculate the remainder when 53 is divided by ((-2)/b)/(9/o).
11
Let y(w) = -w**3 - 70*w**2 - 134*w + 183. Let z(v) = v + 3. What is the remainder when y(-68) is divided by z(7)?
7
Let d(x) = 5*x**2 + x - 1. Let o be d(-1). Suppose 2*f + q = -3*q + 46, -5*f = -o*q - 180. Suppose f = u + 8. Calculate the remainder when u is divided by 7.
4
Suppose -4*f = -k - 78, -3*k - 22 = -f + 3. Suppose -102 - 42 = -4*o. Suppose 5*z - z - 4*p = 32, o = 3*z + 3*p. What is the remainder when f is divided by z?
9
Let g(u) = u**2 + 7*u + 6. What is the remainder when 285 is divided by g(-9)?
21
Suppose -4 + 0 = -2*k. Suppose 0 = 2*b - 5*a - 34, 3*a = -k*b + b + 6. Let n(i) = -5*i - 2. Calculate the remainder when b is divided by n(-1).
0
Let t(d) = 7*d + 4. Let l be t(5). Let n be (-4)/(-26) - (-969)/l. Let c = 52 - n. What is the remainder when c is divided by 7?
6
Suppose 6*j - j - 65 = -5*w, 4*w = -3*j + 35. What is the remainder when 235 is divided by j?
14
Suppose 4*o - o + 4*b - 22 = 0, -3*b + 2 = -5*o. Suppose -11 + 3 = o*g, 0 = -2*z - 4*g + 32. What is the remainder when 68 is divided by z?
20
Let m(x) = -x**2 - 11*x + 57. Let y be (2/5 + 3/30)*-28. What is the remainder when 31 is divided by m(y)?
1
Let p = 39 + 8. Calculate the remainder when 126 is divided by p.
32
Let f = -1576 + 1733. What is the remainder when 316 is divided by f?
2
Suppose 10*n - 230 = 310. Let s = 5 + -9. Let r = n + s. What is the remainder when r is divided by 17?
16
Suppose y + 3*i = 2, 3*y - 2*i - 35 = 26. Suppose 4 = -2*l - 4*a, 0 = 2*l - 4*a + 3 - 31. What is the remainder when y is divided by l?
5
Let z(b) be the third derivative of 0 - 11/6*b**3 + 1/6*b**4 + 0*b + 8*b**2. Calculate the remainder when 23 is divided by z(6).
10
Suppose -165 = -41*w + 36*w. Suppose -4*c + w + 7 = 0. Calculate the remainder when 29 is divided by c.
9
Let u(l) = -l**2 - 12*l + 4. Let c = 94 + 61. What is the remainder when c is divided by u(-7)?
38
Suppose 0 = a + l, 3*a = -l + 7 - 3. Let w(b) = 4*b**a - b**3 + 14*b - 3*b - 7*b. Calculate the remainder when w(4) is divided by 9.
7
Suppose 0 = 235*t - 229*t - 198. What is the remainder when 63 is divided by t?
30
Let z = -101 - -101. Suppose p + 2*v = 13, z = -3*p - p - v + 31. What is the remainder when 31 is divided by p?
3
Suppose 4*y - 327 = -35. Suppose -65 = -5*q - 10. What is the remainder when y is divided by q?
7
Let s = 60 + -56. Suppose -3*d = r - d - 34, -s*d = 3*r - 94. Calculate the remainder when 128 is divided by r.
24
Suppose 3*b = 2*j + 8 - 50, 4*j - b - 104 = 0. Let u(z) = z**2 - z + 52. What is the remainder when u(0) is divided by j?
25
Let z(d) = d + 27. Calculate the remainder when 231 is divided by z(12).
36
Suppose -96*h + 4320 = -42*h. What is the remainder when h is divided by 9?
8
Let x(y) = 31*y**2 - 3*y + 4. Calculate the remainder when x(1) is divided by 9.
5
Suppose 0 = -8*t + 89 + 39. What is the remainder when 237 is divided by t?
13
Let j = -2 - -4. Suppose 4*v - 2*l = -7*l + 91, 5*v - 101 = -j*l. Let d = v + -15. Calculate the remainder when 13 is divided by d.
1
Suppose 184 = 2*f - 0*m + m, -4*f + m + 362 = 0. Suppose 2*z - 369 = -f. Let a = -96 + z. Calculate the remainder when a is divided by 15.
13
Let t(w) = -7*w + 6. Let v be t(0). Suppose 312 = v*q + 7*q. Calculate the remainder when 141 is divided by q.
21
Let v be -3*6/27 + 4/(-3). What is the remainder when (-1 - 1)*(115/v + 1) is divided by 38?
37
Suppose 21*j = 3*j + 162. Suppose -h = -j*h + 328. Calculate the remainder when h is divided by 26.
15
Let q = 73 + -33. Calculate the remainder when q is divided by 21.
19
Let j(v) = -v + 6. Let p be j(10). Let d = p - -7. Suppose -d*f + 71 + 13 = 0. Calculate the remainder when f is divided by 15.
13
Suppose -5*i - 4*f = -37, -6*f + 40 = 5*i - f. Suppose 6 + 179 = i*p. Let g = p + -10. What is the remainder when 79 is divided by g?
25
Let r(u) = -2*u - 8. Let v be r(-2). Calculate the remainder when 52 is divided by 9/(-12) + (-111)/v.
25
Let y = 83 - 81. Suppose -y*i - 158 = -3*d, -122 = -2*d - i - i. Calculate the remainder when d is divided by 15.
11
Suppose -3*d + 0*d + 129 = 0. Suppose 4*g - 75 = 17. Calculate the remainder when d is divided by g.
20
Let m(w) = 2*w**2 - 46*w + 13. Calculate the remainder when m(25) is divided by 19.
18
Suppose 0 = -2*g - 8, -4*g = -3*t - g + 15. Suppose -t = -r - 0. Suppose -r = 2*v - 15. What is the remainder when v is divided by 4?
3
Let x(w) = -w**3 - 18*w**2 - 23*w + 30. What is the remainder when x(-17) is divided by 67?
65
What is the remainder when 2*(-2 + (-889)/(-14)) is divided by 18?
15
Let t = 37 - 91. Let m = -2 - t. What is the remainder when m is divided by 28?
24
Suppose 0 = -33*z + 42*z - 243. What is the remainder when 511 is divided by z?
25
Let x(j) = j**3 - 5*j**2 - 6*j + 7. Let a = 8 + -4. Suppose a*y + 4*h = 28, -3*h + 6 + 18 = 4*y. Calculate the remainder when x(6) is divided by y.
1
Let r(b) = 2*b**3 - 16*b**2 - 18*b + 23. Calculate the remainder when 43 is divided by r(9).
20
Suppose 3*q - 232 = 11*q. Let b = q - -66. What is the remainder when b is divided by ((-3)/2)/(6/(-40))?
7
Let l(d) = -9*d**2 + 57*d + 4. What is the remainder when 172 is divided by l(6)?
18
Suppose 4*i = o + 507, -i + 153 = -17*o + 22*o. What is the remainder when i is divided by 26?
24
Let k(w) = -16*w - 67. What is the remainder when 140 is divided by k(-5)?
10
Let y = 910 + -777. What is the remainder when y is divided by 71?
62
Let z(y) = -7*y + 31. Let l be z(-10). Let o = l - 2. What is the remainder when o is divided by 34?
31
Suppose 0 = -35*w + 4787 + 1303. Calculate the remainder when w is divided by 52.
18
Suppose 0 = 2*v - h - 2, 2*v - 2 = -h + 5*h. Suppose v = b - 1. Calculate the remainder when (-27 - -9)*b/(-6) is divided by 3.
0
Let r(s) be the second derivative of s**3/2 - 9*s**2/2 + 4*s. Let y(d) = d**2 + 9*d - 6. Calculate the remainder when y(-10) is divided by r(4).
1
What is the remainder when 9/(81/6)*-6 - -1015 is divided by 23?
22
Suppose -144 - 84 = -3*g. What is the remainder when g is divided by 29?
18
Suppose 4*n + 4*f - 120 = 0, n - 37 + 5 = -3*f. What is the remainder when 100 is divided by n?
13
Let x be ((-21)/(-42))/(2/8). Suppose x*f + 198 = 8*f. What is the remainder when f is divided by 9?
6
Suppose -3*s = -s - 54. Suppose b - 21 = 29. Let m = b + -43. Calculate the remainder when s is divided by m.
6
Suppose -3*c + 50 + 13 = -3*k, -4*c - 5*k = -111. Suppose m - 2*m = -28. Let u = -19 + m. What is the remainder when c is divided by u?
6
Let m = -65 + 113. Let j be 25 - 1/((-1)/(-3)). Let h = 3 + j. What is the remainder when m is divided by h?
23
Let s be 1/(-2) - 15/(-2). Suppose -s*l + 2*l = -140. Calculate the remainder when 15 is divided by (l/(-49))/((-1)/7).
3
Let v = -609 + 929. Suppose -233 = -3*f + u + v, 2*f + u - 362 = 0. What is the remainder when f is divided by 31?
28
What is the rema